n divisor of 754 and 6149?
13
What is the greatest common factor of 42 and 790202?
14
What is the greatest common factor of 19470 and 660?
330
What is the highest common factor of 561 and 18105?
51
What is the greatest common divisor of 5960 and 55000?
40
What is the greatest common divisor of 42988 and 68?
4
What is the greatest common divisor of 261 and 21779?
29
What is the highest common factor of 184083 and 4386?
129
Calculate the greatest common divisor of 1168 and 69788.
292
What is the highest common factor of 2250 and 1278?
18
Calculate the highest common factor of 3692 and 1136.
284
Calculate the greatest common factor of 10397 and 777.
37
Calculate the highest common factor of 14 and 43519.
7
Calculate the highest common divisor of 42029 and 12402.
689
What is the greatest common divisor of 27895 and 90858?
797
Calculate the greatest common factor of 615 and 6195.
15
Calculate the highest common divisor of 2146 and 17676602.
2146
What is the greatest common factor of 137800 and 850?
50
What is the highest common factor of 140890 and 10?
10
What is the greatest common divisor of 6526 and 1274?
26
What is the highest common factor of 270837 and 189?
189
What is the highest common factor of 547180 and 109?
109
What is the highest common factor of 2716 and 259?
7
Calculate the highest common factor of 35 and 8355.
5
What is the highest common factor of 30 and 2269335?
15
What is the greatest common divisor of 572 and 110734?
26
What is the highest common divisor of 120 and 3335960?
40
Calculate the highest common divisor of 6019 and 26.
13
Calculate the highest common factor of 2760 and 1060530.
690
What is the greatest common factor of 740 and 17?
1
Calculate the greatest common factor of 1224 and 1440.
72
What is the greatest common divisor of 15714 and 22310?
194
Calculate the greatest common divisor of 120 and 82920.
120
Calculate the greatest common factor of 38604 and 4.
4
What is the highest common factor of 3190 and 91520?
110
Calculate the greatest common divisor of 230 and 596275.
115
What is the greatest common factor of 176 and 27544?
88
What is the highest common factor of 24 and 19452?
12
What is the highest common divisor of 74883 and 8244?
687
Calculate the greatest common divisor of 128 and 188.
4
Calculate the highest common factor of 50 and 1403150.
50
What is the highest common factor of 551 and 19633?
29
What is the highest common divisor of 276 and 1477221?
69
What is the highest common factor of 909904 and 232?
232
Calculate the greatest common factor of 28 and 208558.
14
Calculate the greatest common factor of 470 and 3001984.
94
Calculate the highest common factor of 2567 and 34.
17
What is the highest common divisor of 816 and 2052?
12
What is the highest common divisor of 39882 and 2754?
102
Calculate the highest common divisor of 1256820 and 156.
12
What is the greatest common factor of 24 and 87?
3
What is the greatest common divisor of 10787272 and 8?
8
What is the greatest common factor of 180 and 160308?
36
What is the highest common factor of 12775 and 665?
35
What is the greatest common divisor of 40789 and 28?
7
What is the highest common factor of 199143 and 504?
63
Calculate the greatest common factor of 113684 and 19924.
1172
What is the greatest common factor of 2686 and 77578?
158
What is the greatest common divisor of 59822 and 378?
14
What is the greatest common factor of 10 and 11125980?
10
What is the highest common divisor of 63 and 7049?
7
Calculate the greatest common divisor of 254076 and 744.
372
Calculate the greatest common divisor of 535 and 224272.
107
What is the highest common divisor of 10469 and 89813?
551
Calculate the highest common divisor of 583 and 2934239.
583
Calculate the highest common factor of 13955 and 18.
1
What is the highest common divisor of 26492 and 4654?
358
What is the greatest common factor of 384 and 97308?
12
What is the highest common divisor of 34 and 1796339?
17
Calculate the greatest common factor of 525 and 9324.
21
What is the greatest common divisor of 136 and 14076?
68
Calculate the highest common divisor of 1823 and 263.
1
What is the greatest common factor of 1024 and 128896?
128
Calculate the greatest common factor of 7068 and 2945.
589
What is the highest common factor of 215 and 153575?
5
What is the greatest common divisor of 270 and 181410?
30
What is the greatest common factor of 343 and 3269?
7
What is the greatest common divisor of 19133 and 2527?
361
What is the greatest common divisor of 1672 and 98659?
11
What is the highest common divisor of 151 and 724649?
151
Calculate the greatest common divisor of 64428 and 14.
14
Calculate the highest common divisor of 183 and 30256.
61
What is the greatest common divisor of 377989 and 191?
191
Calculate the highest common divisor of 85158 and 54.
54
Calculate the highest common factor of 403 and 4472.
13
What is the greatest common factor of 542588 and 60?
4
What is the highest common divisor of 12245 and 869?
79
What is the greatest common factor of 4717310 and 1703?
1703
What is the highest common divisor of 3534 and 1674?
186
What is the greatest common factor of 6 and 113637?
3
What is the greatest common divisor of 168 and 83064?
24
What is the greatest common divisor of 81120 and 11120?
80
What is the highest common factor of 11603 and 24904?
283
What is the highest common factor of 2422 and 105616?
14
What is the highest common divisor of 149304 and 24?
24
Calculate the greatest common factor of 510 and 15630.
30
What is the greatest common factor of 15812 and 871?
67
Calculate the greatest common factor of 843 and 8503341.
843
What is the highest common factor of 368 and 13328?
16
Calculate the greatest common factor of 84 and 8994.
6
Calculate the greatest common divisor of 664131 and 39.
39
What is the highest common divisor of 371 and 4200091?
371
What is the highest common factor of 276 and 174156?
276
Calculate the greatest common divisor of 710 and 4742090.
710
Calculate the highest common divisor of 192 and 10740.
12
What is the greatest common divisor of 144 and 256?
16
Calculate the highest common divisor of 6560 and 1280.
160
What is the greatest common factor of 459158 and 196?
14
What is the highest common factor of 180412 and 8?
4
What is the greatest common divisor of 6191 and 15553?
151
Calculate the highest common divisor of 117391 and 712.
89
What is the highest common divisor of 8400 and 274800?
1200
What is the greatest common divisor of 1992 and 328514?
166
What is the greatest common factor of 408 and 24942?
6
Calculate the highest common divisor of 5945424 and 96.
48
Calculate the highest common divisor of 5648 and 6001.
353
What is the highest common factor of 34 and 1338410?
34
Calculate the highest common divisor of 4230 and 5715.
45
Calculate the highest common divisor of 174185 and 35.
5
Calculate the greatest common factor of 7 and 5397511.
7
What is the highest common factor of 205 and 7339?
41
What is the highest common divisor of 3379 and 3161?
109
Calculate the greatest common factor of 923904 and 24.
24
Calculate the greatest common factor of 85 and 78132.
17
Calculate the highest common factor of 533365 and 490.
245
Calculate the greatest common divisor of 478 and 503573.
239
What is the greatest common factor of 1566 and 17658?
54
What is the highest common divisor of 147578 and 2938?
226
Calculate the greatest common divisor of 1350 and 5768550.
1350
What is the highest common factor of 5570 and 3130?
10
Calculate the highest common divisor of 672696 and 720.
72
What is the highest common divisor of 2880 and 3630?
30
What is the greatest common factor of 209088 and 20086?
242
Calculate the highest common divisor of 1603 and 9847.
229
Calculate the greatest common factor of 179316 and 879.
879
What is the greatest common factor of 743 and 476263?
743
What is the greatest common factor of 32395 and 24552?
341
Calculate the greatest common divisor of 204156 and 4452.
636
What is the greatest common divisor of 13156 and 14476?
44
What is the highest common factor of 28 and 9478?
14
Calculate the highest common divisor of 1073 and 23939.
37
What is the highest common factor of 3121393 and 11?
11
What is the greatest common divisor of 161746 and 260?
26
C